{"version":"1.0","provider_name":"Tradycja i Wiara","provider_url":"https:\/\/wobronietradycjiiwiary.com\/pl","author_name":"mariuszjerzy","author_url":"https:\/\/wobronietradycjiiwiary.com\/pl\/author\/mariuszjerzy\/","title":"Rozmy\u015blania na ka\u017cdy dzie\u0144 maja \u2013 DZIE\u0143 16 - Tradycja i Wiara","type":"rich","width":600,"height":338,"html":"<blockquote class=\"wp-embedded-content\" data-secret=\"P7jRCcqvoZ\"><a href=\"https:\/\/wobronietradycjiiwiary.com\/pl\/rozmyslania-na-kazdy-dzien-maja-dzien-16-2\/\">Rozmy\u015blania na ka\u017cdy dzie\u0144 maja \u2013 DZIE\u0143 16<\/a><\/blockquote><iframe sandbox=\"allow-scripts\" security=\"restricted\" src=\"https:\/\/wobronietradycjiiwiary.com\/pl\/rozmyslania-na-kazdy-dzien-maja-dzien-16-2\/embed\/#?secret=P7jRCcqvoZ\" width=\"600\" height=\"338\" title=\"&#8222;Rozmy\u015blania na ka\u017cdy dzie\u0144 maja \u2013 DZIE\u0143 16&#8221; &#8212; Tradycja i Wiara\" data-secret=\"P7jRCcqvoZ\" frameborder=\"0\" marginwidth=\"0\" marginheight=\"0\" scrolling=\"no\" class=\"wp-embedded-content\"><\/iframe><script>\n\/*! This file is auto-generated *\/\n!function(d,l){\"use strict\";l.querySelector&&d.addEventListener&&\"undefined\"!=typeof URL&&(d.wp=d.wp||{},d.wp.receiveEmbedMessage||(d.wp.receiveEmbedMessage=function(e){var t=e.data;if((t||t.secret||t.message||t.value)&&!\/[^a-zA-Z0-9]\/.test(t.secret)){for(var s,r,n,a=l.querySelectorAll('iframe[data-secret=\"'+t.secret+'\"]'),o=l.querySelectorAll('blockquote[data-secret=\"'+t.secret+'\"]'),c=new RegExp(\"^https?:$\",\"i\"),i=0;i<o.length;i++)o[i].style.display=\"none\";for(i=0;i<a.length;i++)s=a[i],e.source===s.contentWindow&&(s.removeAttribute(\"style\"),\"height\"===t.message?(1e3<(r=parseInt(t.value,10))?r=1e3:~~r<200&&(r=200),s.height=r):\"link\"===t.message&&(r=new URL(s.getAttribute(\"src\")),n=new URL(t.value),c.test(n.protocol))&&n.host===r.host&&l.activeElement===s&&(d.top.location.href=t.value))}},d.addEventListener(\"message\",d.wp.receiveEmbedMessage,!1),l.addEventListener(\"DOMContentLoaded\",function(){for(var e,t,s=l.querySelectorAll(\"iframe.wp-embedded-content\"),r=0;r<s.length;r++)(t=(e=s[r]).getAttribute(\"data-secret\"))||(t=Math.random().toString(36).substring(2,12),e.src+=\"#?secret=\"+t,e.setAttribute(\"data-secret\",t)),e.contentWindow.postMessage({message:\"ready\",secret:t},\"*\")},!1)))}(window,document);\n\/\/# sourceURL=https:\/\/wobronietradycjiiwiary.com\/wp-includes\/js\/wp-embed.min.js\n<\/script>\n","thumbnail_url":"https:\/\/i0.wp.com\/wobronietradycjiiwiary.com\/wp-content\/uploads\/2018\/04\/madonna-and-child-401x500.jpg?fit=401%2C500&ssl=1","thumbnail_width":401,"thumbnail_height":500,"description":"&#8220;O cnocie wstrzemi\u0119\u017aliwo\u015bci&#8221; I. Szuka\u0107 przyk\u0142ad\u00f3w tej cnoty w \u017cyciu Maryi by\u0142oby zupe\u0142nie zbytecznym, ca\u0142e Jej \u017cycie by\u0142o jednym aktem wyrzeczenia, stoj\u0105cego wy\u017cej od wszelkiej wstrzemi\u0119\u017aliwo\u015bci. Powiadaj\u0105 pisarze \u015bwi\u0119ci, mi\u0119dzy innymi \u015bw. Bernard, kt\u00f3ry czerpa\u0142 w starych Ojcach Ko\u015bcio\u0142a, \u017ce Naj\u015bwi\u0119tsza Panna po \u015bmierci \u015bw. J\u00f3zefa, jeszcze skromniejszy \u017cywot prowadzi\u0142a ni\u017c za Jego \u017cycia i [&hellip;]"}

Rozmyślania na każdy dzień maja – DZIEŃ 16 - Tradycja i Wiara

<blockquote class="wp-embedded-content" data-secret="P7jRCcqvoZ"><a href="https://wobronietradycjiiwiary.com/pl/rozmyslania-na-kazdy-dzien-maja-dzien-16-2/">Rozmyślania na każdy dzień maja – DZIEŃ 16</a></blockquote><iframe sandbox="allow-scripts" security="restricted" src="https://wobronietradycjiiwiary.com/pl/rozmyslania-na-kazdy-dzien-maja-dzien-16-2/embed/#?secret=P7jRCcqvoZ" width="600" height="338" title="&#8222;Rozmyślania na każdy dzień maja – DZIEŃ 16&#8221; &#8212; Tradycja i Wiara" data-secret="P7jRCcqvoZ" frameborder="0" marginwidth="0" marginheight="0" scrolling="no" class="wp-embedded-content"></iframe><script>
/*! This file is auto-generated */
!function(d,l){"use strict";l.querySelector&&d.addEventListener&&"undefined"!=typeof URL&&(d.wp=d.wp||{},d.wp.receiveEmbedMessage||(d.wp.receiveEmbedMessage=function(e){var t=e.data;if((t||t.secret||t.message||t.value)&&!/[^a-zA-Z0-9]/.test(t.secret)){for(var s,r,n,a=l.querySelectorAll('iframe[data-secret="'+t.secret+'"]'),o=l.querySelectorAll('blockquote[data-secret="'+t.secret+'"]'),c=new RegExp("^https?:$","i"),i=0;i<o.length;i++)o[i].style.display="none";for(i=0;i<a.length;i++)s=a[i],e.source===s.contentWindow&&(s.removeAttribute("style"),"height"===t.message?(1e3<(r=parseInt(t.value,10))?r=1e3:~~r<200&&(r=200),s.height=r):"link"===t.message&&(r=new URL(s.getAttribute("src")),n=new URL(t.value),c.test(n.protocol))&&n.host===r.host&&l.activeElement===s&&(d.top.location.href=t.value))}},d.addEventListener("message",d.wp.receiveEmbedMessage,!1),l.addEventListener("DOMContentLoaded",function(){for(var e,t,s=l.querySelectorAll("iframe.wp-embedded-content"),r=0;r<s.length;r++)(t=(e=s[r]).getAttribute("data-secret"))||(t=Math.random().toString(36).substring(2,12),e.src+="#?secret="+t,e.setAttribute("data-secret",t)),e.contentWindow.postMessage({message:"ready",secret:t},"*")},!1)))}(window,document);
//# sourceURL=https://wobronietradycjiiwiary.com/wp-includes/js/wp-embed.min.js
</script>

&#8220;O cnocie wstrzemięźliwości&#8221; I. Szukać przykładów tej cnoty w życiu Maryi byłoby zupełnie zbytecznym, całe Jej życie było jednym aktem wyrzeczenia, stojącego wyżej od wszelkiej wstrzemięźliwości. Powiadają pisarze święci, między innymi św. Bernard, który czerpał w starych Ojcach Kościoła, że Najświętsza Panna po śmierci św. Józefa, jeszcze skromniejszy żywot prowadziła niż za Jego życia i [&hellip;]
