{"version":"1.0","provider_name":"Tradycja i Wiara","provider_url":"https:\/\/wobronietradycjiiwiary.com\/en","author_name":"Traditio et Fides","author_url":"https:\/\/wobronietradycjiiwiary.com\/en\/author\/wobronietradycjiiwiary\/","title":"Msza z Bratem Elia - Tradycja i Wiara","type":"rich","width":600,"height":338,"html":"<blockquote class=\"wp-embedded-content\" data-secret=\"anmH0Wn8EY\"><a href=\"https:\/\/wobronietradycjiiwiary.com\/en\/msza-z-bratem-elia\/\">Msza z Bratem Elia<\/a><\/blockquote><iframe sandbox=\"allow-scripts\" security=\"restricted\" src=\"https:\/\/wobronietradycjiiwiary.com\/en\/msza-z-bratem-elia\/embed\/#?secret=anmH0Wn8EY\" width=\"600\" height=\"338\" title=\"&#8220;Msza z Bratem Elia&#8221; &#8212; Tradycja i Wiara\" data-secret=\"anmH0Wn8EY\" frameborder=\"0\" marginwidth=\"0\" marginheight=\"0\" scrolling=\"no\" class=\"wp-embedded-content\"><\/iframe><script>\n\/*! This file is auto-generated *\/\n!function(d,l){\"use strict\";l.querySelector&&d.addEventListener&&\"undefined\"!=typeof URL&&(d.wp=d.wp||{},d.wp.receiveEmbedMessage||(d.wp.receiveEmbedMessage=function(e){var t=e.data;if((t||t.secret||t.message||t.value)&&!\/[^a-zA-Z0-9]\/.test(t.secret)){for(var s,r,n,a=l.querySelectorAll('iframe[data-secret=\"'+t.secret+'\"]'),o=l.querySelectorAll('blockquote[data-secret=\"'+t.secret+'\"]'),c=new RegExp(\"^https?:$\",\"i\"),i=0;i<o.length;i++)o[i].style.display=\"none\";for(i=0;i<a.length;i++)s=a[i],e.source===s.contentWindow&&(s.removeAttribute(\"style\"),\"height\"===t.message?(1e3<(r=parseInt(t.value,10))?r=1e3:~~r<200&&(r=200),s.height=r):\"link\"===t.message&&(r=new URL(s.getAttribute(\"src\")),n=new URL(t.value),c.test(n.protocol))&&n.host===r.host&&l.activeElement===s&&(d.top.location.href=t.value))}},d.addEventListener(\"message\",d.wp.receiveEmbedMessage,!1),l.addEventListener(\"DOMContentLoaded\",function(){for(var e,t,s=l.querySelectorAll(\"iframe.wp-embedded-content\"),r=0;r<s.length;r++)(t=(e=s[r]).getAttribute(\"data-secret\"))||(t=Math.random().toString(36).substring(2,12),e.src+=\"#?secret=\"+t,e.setAttribute(\"data-secret\",t)),e.contentWindow.postMessage({message:\"ready\",secret:t},\"*\")},!1)))}(window,document);\n\/\/# sourceURL=https:\/\/wobronietradycjiiwiary.com\/wp-includes\/js\/wp-embed.min.js\n<\/script>","thumbnail_url":"https:\/\/wobronietradycjiiwiary.com\/wp-content\/uploads\/2019\/10\/2b4d709bd95c99a67228e8c822ed3c5f.jpg","thumbnail_width":905,"thumbnail_height":887,"description":"&nbsp; Czas lektury: 6 minut Chocia\u017c trudno w to uwierzy\u0107, to pisz\u0105cy te s\u0142owa prze\u017cy\u0142 dzisiaj 12.05.2019 o 7.00 rano msz\u0119 w obecno\u015bci domniemanego stygmatyka w\u0142oskiego Fra Elia. Jak to tego dosz\u0142o? Do autora napisa\u0142a siostra, \u017ce Fra Elia jest w diecezji g\u0142osz\u0105c jakie\u015b dni skupienia, a w niedziel\u0119 rano b\u0119dzie na mszy u nich [&hellip;]"}

&nbsp; Czas lektury: 6 minut Chociaż trudno w to uwierzyć, to piszący te słowa przeżył dzisiaj 12.05.2019 o 7.00 rano mszę w obecności domniemanego stygmatyka włoskiego Fra Elia. Jak to tego doszło? Do autora napisała siostra, że Fra Elia jest w diecezji głosząc jakieś dni skupienia, a w niedzielę rano będzie na mszy u nich [&hellip;]
