{"version":"1.0","provider_name":"Tradycja i Wiara","provider_url":"https:\/\/wobronietradycjiiwiary.com\/en","author_name":"Traditio et Fides","author_url":"https:\/\/wobronietradycjiiwiary.com\/en\/author\/wobronietradycjiiwiary\/","title":"4-go Sierpnia. \u017bywot \u015bwi\u0119tego Dominika, Zakonodawcy. - Tradycja i Wiara","type":"rich","width":600,"height":338,"html":"<blockquote class=\"wp-embedded-content\" data-secret=\"A72bqRO2s8\"><a href=\"https:\/\/wobronietradycjiiwiary.com\/en\/4-go-sierpnia-zywot-swietego-dominika-zakonodawcy\/\">4-go Sierpnia. \u017bywot \u015bwi\u0119tego Dominika, Zakonodawcy.<\/a><\/blockquote><iframe sandbox=\"allow-scripts\" security=\"restricted\" src=\"https:\/\/wobronietradycjiiwiary.com\/en\/4-go-sierpnia-zywot-swietego-dominika-zakonodawcy\/embed\/#?secret=A72bqRO2s8\" width=\"600\" height=\"338\" title=\"&#8220;4-go Sierpnia. \u017bywot \u015bwi\u0119tego Dominika, Zakonodawcy.&#8221; &#8212; Tradycja i Wiara\" data-secret=\"A72bqRO2s8\" frameborder=\"0\" marginwidth=\"0\" marginheight=\"0\" scrolling=\"no\" class=\"wp-embedded-content\"><\/iframe><script>\n\/*! This file is auto-generated *\/\n!function(d,l){\"use strict\";l.querySelector&&d.addEventListener&&\"undefined\"!=typeof URL&&(d.wp=d.wp||{},d.wp.receiveEmbedMessage||(d.wp.receiveEmbedMessage=function(e){var t=e.data;if((t||t.secret||t.message||t.value)&&!\/[^a-zA-Z0-9]\/.test(t.secret)){for(var s,r,n,a=l.querySelectorAll('iframe[data-secret=\"'+t.secret+'\"]'),o=l.querySelectorAll('blockquote[data-secret=\"'+t.secret+'\"]'),c=new RegExp(\"^https?:$\",\"i\"),i=0;i<o.length;i++)o[i].style.display=\"none\";for(i=0;i<a.length;i++)s=a[i],e.source===s.contentWindow&&(s.removeAttribute(\"style\"),\"height\"===t.message?(1e3<(r=parseInt(t.value,10))?r=1e3:~~r<200&&(r=200),s.height=r):\"link\"===t.message&&(r=new URL(s.getAttribute(\"src\")),n=new URL(t.value),c.test(n.protocol))&&n.host===r.host&&l.activeElement===s&&(d.top.location.href=t.value))}},d.addEventListener(\"message\",d.wp.receiveEmbedMessage,!1),l.addEventListener(\"DOMContentLoaded\",function(){for(var e,t,s=l.querySelectorAll(\"iframe.wp-embedded-content\"),r=0;r<s.length;r++)(t=(e=s[r]).getAttribute(\"data-secret\"))||(t=Math.random().toString(36).substring(2,12),e.src+=\"#?secret=\"+t,e.setAttribute(\"data-secret\",t)),e.contentWindow.postMessage({message:\"ready\",secret:t},\"*\")},!1)))}(window,document);\n\/\/# sourceURL=https:\/\/wobronietradycjiiwiary.com\/wp-includes\/js\/wp-embed.min.js\n<\/script>","thumbnail_url":"https:\/\/wobronietradycjiiwiary.com\/wp-content\/uploads\/2021\/08\/Dominik-1.jpg","thumbnail_width":464,"thumbnail_height":600,"description":"(\u017by\u0142 oko\u0142o roku Pa\u0144skiego 1221). W\u015br\u00f3d szcz\u0119ku or\u0119\u017ca i\u00a0wypraw krzy\u017cowc\u00f3w do Palestyny religijne wychowanie na Zachodzie w\u00a0niekt\u00f3rych krajach wielce by\u0142o zaniedbane. Jak grzyby wyrasta\u0142y kacerstwa i\u00a0pod nazw\u0105 Albigens\u00f3w \u0142\u0105czyli si\u0119 odszczepie\u0144cy w\u00a0\u015blepej nienawi\u015bci przeciw Ko\u015bcio\u0142owi katolickiemu. W\u00a0tym samym czasie dorasta\u0142 w\u00a0mie\u015bcie Calarnega w\u00a0Hiszpanii uzdolniony ch\u0142opiec Dominik, syn pobo\u017cnych rodzic\u00f3w, obrany przez Opatrzno\u015b\u0107, aby zgorszenie odszczepie\u0144stwa [&hellip;]"}

4-go Sierpnia. Żywot świętego Dominika, Zakonodawcy. - Tradycja i Wiara

<blockquote class="wp-embedded-content" data-secret="A72bqRO2s8"><a href="https://wobronietradycjiiwiary.com/en/4-go-sierpnia-zywot-swietego-dominika-zakonodawcy/">4-go Sierpnia. Żywot świętego Dominika, Zakonodawcy.</a></blockquote><iframe sandbox="allow-scripts" security="restricted" src="https://wobronietradycjiiwiary.com/en/4-go-sierpnia-zywot-swietego-dominika-zakonodawcy/embed/#?secret=A72bqRO2s8" width="600" height="338" title="&#8220;4-go Sierpnia. Żywot świętego Dominika, Zakonodawcy.&#8221; &#8212; Tradycja i Wiara" data-secret="A72bqRO2s8" frameborder="0" marginwidth="0" marginheight="0" scrolling="no" class="wp-embedded-content"></iframe><script>
/*! This file is auto-generated */
!function(d,l){"use strict";l.querySelector&&d.addEventListener&&"undefined"!=typeof URL&&(d.wp=d.wp||{},d.wp.receiveEmbedMessage||(d.wp.receiveEmbedMessage=function(e){var t=e.data;if((t||t.secret||t.message||t.value)&&!/[^a-zA-Z0-9]/.test(t.secret)){for(var s,r,n,a=l.querySelectorAll('iframe[data-secret="'+t.secret+'"]'),o=l.querySelectorAll('blockquote[data-secret="'+t.secret+'"]'),c=new RegExp("^https?:$","i"),i=0;i<o.length;i++)o[i].style.display="none";for(i=0;i<a.length;i++)s=a[i],e.source===s.contentWindow&&(s.removeAttribute("style"),"height"===t.message?(1e3<(r=parseInt(t.value,10))?r=1e3:~~r<200&&(r=200),s.height=r):"link"===t.message&&(r=new URL(s.getAttribute("src")),n=new URL(t.value),c.test(n.protocol))&&n.host===r.host&&l.activeElement===s&&(d.top.location.href=t.value))}},d.addEventListener("message",d.wp.receiveEmbedMessage,!1),l.addEventListener("DOMContentLoaded",function(){for(var e,t,s=l.querySelectorAll("iframe.wp-embedded-content"),r=0;r<s.length;r++)(t=(e=s[r]).getAttribute("data-secret"))||(t=Math.random().toString(36).substring(2,12),e.src+="#?secret="+t,e.setAttribute("data-secret",t)),e.contentWindow.postMessage({message:"ready",secret:t},"*")},!1)))}(window,document);
//# sourceURL=https://wobronietradycjiiwiary.com/wp-includes/js/wp-embed.min.js
</script>

(Żył około roku Pańskiego 1221). Wśród szczęku oręża i wypraw krzyżowców do Palestyny religijne wychowanie na Zachodzie w niektórych krajach wielce było zaniedbane. Jak grzyby wyrastały kacerstwa i pod nazwą Albigensów łączyli się odszczepieńcy w ślepej nienawiści przeciw Kościołowi katolickiemu. W tym samym czasie dorastał w mieście Calarnega w Hiszpanii uzdolniony chłopiec Dominik, syn pobożnych rodziców, obrany przez Opatrzność, aby zgorszenie odszczepieństwa [&hellip;]
